base 2.
-10001100
2 (base 13) to base 11
2
-32 (base 7) to base 5
-43
Convert 2 (base 14) to base 8.
2
What is -6 (base 15) in base 7?
-6
Convert -10001 (base 2) to base 3.
-122
What is -12 (base 9) in base 3?
-102
What is 124 (base 5) in base 7?
54
Convert -7c (base 13) to base 16.
-67
43 (base 7) to base 10
31
What is -221 (base 9) in base 12?
-131
3 (base 5) to base 13
3
-45 (base 14) to base 6
-141
What is 343 (base 5) in base 15?
68
What is c (base 16) in base 2?
1100
What is 69 (base 12) in base 7?
144
22 (base 4) to base 15
a
What is -23 (base 12) in base 2?
-11011
15 (base 6) to base 13
b
What is 110 (base 3) in base 12?
10
What is -1 (base 10) in base 13?
-1
-a (base 12) to base 2
-1010
What is -68 (base 11) in base 12?
-62
Convert -6 (base 11) to base 12.
-6
3 (base 6) to base 10
3
-211 (base 3) to base 7
-31
Convert 1 (base 11) to base 3.
1
8 (base 14) to base 6
12
Convert 3 (base 8) to base 11.
3
Convert -230 (base 7) to base 13.
-92
72 (base 9) to base 3
2102
What is 17 (base 14) in base 13?
18
What is 56 (base 9) in base 7?
102
100 (base 2) to base 15
4
-37 (base 10) to base 16
-25
Convert 0 (base 11) to base 10.
0
Convert -2 (base 15) to base 6.
-2
-10 (base 8) to base 4
-20
Convert 7 (base 12) to base 8.
7
What is 20 (base 8) in base 7?
22
11 (base 2) to base 7
3
Convert -19 (base 10) to base 6.
-31
-1 (base 11) to base 6
-1
Convert 2 (base 11) to base 6.
2
Convert 23 (base 7) to base 12.
15
What is 1 (base 8) in base 4?
1
2 (base 12) to base 10
2
Convert -1 (base 9) to base 7.
-1
-4 (base 5) to base 14
-4
What is -16 (base 11) in base 8?
-21
What is -17 (base 13) in base 12?
-18
54 (base 13) to base 5
234
What is d (base 15) in base 5?
23
What is -111110 (base 2) in base 3?
-2022
What is -3 (base 6) in base 5?
-3
4 (base 13) to base 8
4
-100 (base 4) to base 16
-10
41 (base 10) to base 15
2b
What is -2c (base 15) in base 8?
-52
-a0 (base 12) to base 10
-120
3 (base 10) to base 12
3
10010001 (base 2) to base 10
145
What is c8 (base 16) in base 3?
21102
217 (base 11) to base 12
198
155 (base 10) to base 4
2123
22 (base 15) to base 9
35
What is -13 (base 4) in base 2?
-111
What is 68 (base 15) in base 2?
1100010
Convert 10 (base 4) to base 3.
11
0 (base 6) to base 2
0
1122 (base 3) to base 5
134
-1100 (base 2) to base 6
-20
What is -34 (base 7) in base 10?
-25
-4 (base 13) to base 16
-4
-23 (base 14) to base 4
-133
-231 (base 4) to base 12
-39
Convert 1010 (base 2) to base 7.
13
-5 (base 14) to base 16
-5
What is 31 (base 10) in base 12?
27
Convert -1 (base 16) to base 4.
-1
Convert -11 (base 6) to base 11.
-7
a (base 11) to base 10
10
-2 (base 16) to base 2
-10
Convert -31 (base 9) to base 3.
-1001
What is 51 (base 10) in base 11?
47
-323 (base 4) to base 11
-54
Convert -110 (base 2) to base 5.
-11
What is -8 (base 13) in base 16?
-8
What is -4 (base 13) in base 6?
-4
Convert 25 (base 6) to base 12.
15
-40 (base 10) to base 4
-220
Convert 1010 (base 2) to base 3.
101
-3 (base 11) to base 5
-3
-22 (base 5) to base 6
-20
-10 (base 8) to base 4
-20
Convert 3 (base 12) to base 16.
3
-35 (base 7) to base 10
-26
What is 10 (base 10) in base 16?
a
-2 (base 6) to base 13
-2
4e (base 15) to base 10
74
Convert 25 (base 7) to base 10.
19
What is -1 (base 6) in base 12?
-1
Convert -6 (base 12) to base 14.
-6
What is -8d (base 16) in base 7?
-261
What is 176 (base 11) in base 7?
411
-33 (base 9) to base 4
-132
What is 26 (base 8) in base 2?
10110
b (base 13) to base 6
15
What is -37 (base 9) in base 5?
-114
-71 (base 8) to base 6
-133
Convert -18 (base 14) to base 12.
-1a
2 (base 9) to base 2
10
What is -2020 (base 4) in base 14?
-9a
Convert 44 (base 14) to base 3.
2020
What is -3 (base 14) in base 13?
-3
What is 4 (base 7) in base 2?
100
-112 (base 7) to base 15
-3d
-8 (base 14) to base 4
-20
Convert 1001010 (base 2) to base 14.
54
What is 10110 (base 2) in base 9?
24
-f (base 16) to base 14
-11
Convert -2 (base 11) to base 15.
-2
-45 (base 7) to base 14
-25
0 (base 4) to base 16
0
Convert -5 (base 7) to base 5.
-10
53 (base 13) to base 4
1010
Convert -2 (base 3) to base 7.
-2
-28 (base 10) to base 12
-24
Convert -100001 (base 2) to base 11.
-30
Convert -20 (base 10) to base 13.
-17
Convert 100100 (base 2) to base 15.
26
-22 (base 8) to base 4
-102
-1 (base 3) to base 7
-1
What is 8 (base 11) in base 12?
8
6 (base 8) to base 6
10
22100 (base 3) to base 16
e1
What is 11010 (base 3) in base 16?
6f
118 (base 11) to base 7
260
Convert 15 (base 8) to base 3.
111
-1110 (base 2) to base 11
-13
Convert -4 (base 10) to base 6.
-4
Convert 3 (base 5) to base 8.
3
Convert -2220 (base 3) to base 11.
-71
-1 (base 14) to base 7
-1
-20 (base 3) to base 11
-6
Convert b (base 12) to base 16.
b
-4 (base 7) to base 2
-100
Convert -3 (base 11) to base 13.
-3
Convert 0 (base 4) to base 16.
0
-3 (base 10) to base 4
-3
Convert 21 (base 5) to base 11.
10
What is -3 (base 12) in base 5?
-3
2 (base 10) to base 5
2
1 (base 7) to base 8
1
Convert -9 (base 15) to base 3.
-100
Convert -9 (base 12) to base 4.
-21
-1 (base 13) to base 14
-1
-7 (base 15) to base 7
-10
What is 1 (base 3) in base 9?
1
What is 8 (base 15) in base 9?
8
What is -4 (base 8) in base 6?
-4
What is 14 (base 7) in base 11?
10
-1 (base 3) to base 12
-1
1011 (base 2) to base 10
11
What is 2a6 (base 12) in base 4?
12132
Convert 240 (base 6) to base 14.
6c
Convert -1 (base 9) to base 11.
-1
What is -405 (base 7) in base 6?
-533
Convert -112 (base 14) to base 11.
-183
Convert -92 (base 12) to base 2.
-1101110
Convert -17 (base 16) to base 12.
-1b
What is 50 (base 14) in base 2?
1000110
-415 (base 6) to base 16
-9b
-19 (base 11) to base 4
-110
Convert -11 (base 4) to base 10.
-5
What is -12020 (base 3) in base 7?
-261
Convert 156 (base 7) to base 11.
82
Convert -62 (base 7) to base 4.
-230
What is -2b (base 14) in base 2?
-100111
What is 2 (base 15) in base 11?
2
What is -15 (base 6) in base 9?
-12
Convert -20 (base 7) to base 5.
-24
What is 3 (base 15) in base 12?
3
What is -127 (base 16) in base 4?
-10213
What is -9 (base 14) in base 2?
-1001
Convert -14 (base 6) to base 15.
-a
Convert 231 (base 6) to base 16.
5b
What is -15 (base 10) in base 4?
-33
What is -2 (base 13) in base 11?
-2
Convert 1 (base 5) to base 15.
1
What is 1 (base 6) in base 13?
1
What is 120221 (base 3) in base 11?
361
What is 101101 (base 2) in base 7?
63
Convert 1 (base 5) to base 3.
1
-6 (base 11) to base 7
-6
-342 (base 7) to base 10
-177
Convert 103 (base 10) to base 2.
1100111
What is -1a4 (base 13) in base 11?
-256
-3 (base 4) to base 14
-3
Convert -11 (base 9) to base 10.
-10
43 (base 9) to base 5
124
-1000 (base 2) to base 16
-8
Convert -b3 (base 13) to base 5.
-1041
What is -1 (base 8) in base 6?
-1
Convert -63 (base 12) to base 4.
-1023
What is -74 (base 9) in base 10?
-67
Convert -38 (base 9) to base 14.
-27
What is -100 (base 2) in base 9?
-4
Convert -19 (base 10) to base 12.
-17
-12 (base 9) to base 7
-14
264 (base 9) to base 4
3130
Convert 45 (base 8) to base 9.
41
Convert 3 (base 12) to base 16.
3
15 (base 11) to base 5
31
Convert -58 (base 9) to base 10.
-53
Convert 1420 (base 6) to base 14.
1c8
Convert -1 (base 15) to base 8.
-1
What is 17 (base 14) in base 3?
210
Convert 38 (base 11) to base 9.
45
What is 7 (base 14) in base 13?
7
2 (base 9) to base 7
2
What is 35 (base 7) in base 3?
222
Convert d (base 14) to base 4.
31
-1110 (base 2) to base 16
-e
-5 (base 7) to base 13
-5
40 (base 11) to base 5
134
Convert -1201 (base 4) to base 9.
-117
Convert -7 (base 8) to base 4.
-13
Convert 1 (base 16) to base 7.
1
What is 0 (base 5) in base 11?
0
Convert 5 (base 16) to base 10.
5
Convert -140 (base 6) to base 12.
-50
What is 12 (base 5) in base 2?
111
Convert -101 (base 2) to base 8.
-5
-107 (base 8) to base 14
-51
Convert 5 (base 15) to base 3.
12
113 (base 5) to base 4
201
Convert -20 (base 13) to base 4.
-122
Convert -64 (base 14) to base 6.
-224
-302 (base 4) to base 10
-50
Convert 3 (base 12) to base 6.
3
What is -167 (base 9) in base 6?
-354
What is -1021 (base 4) in base 2?
-1001001
What is -33 (base 14) in base 15?
-30
-31 (base 10) to base 3
-1011
Convert 25 (base 10) to base 6.
41
2b (base 14) to base 8
47
Convert 5 (base 16) to base 5.
10
8 (base 11) to base 16
8
What is -42 (base 9) in base 3?
-1102
Convert